{"id":817,"date":"2017-02-01T17:58:53","date_gmt":"2017-02-01T16:58:53","guid":{"rendered":"http:\/\/campinghautoreille.com\/?page_id=817"},"modified":"2025-10-27T15:10:47","modified_gmt":"2025-10-27T14:10:47","slug":"camping-dupli-2","status":"publish","type":"page","link":"https:\/\/campinghautoreille.com\/index.php\/de\/camping-dupli-2\/","title":{"rendered":"Campingplatz"},"content":{"rendered":"<p><a href=\"https:\/\/campinghautoreille.com\/wordpress\/wp-content\/uploads\/2016\/10\/camping-car.jpg\">\u00a0<\/a><\/p>\n<table class=\" aligncenter\" style=\"width: 90%;\" cellspacing=\"2\">\n<tbody>\n<tr>\n<td style=\"text-align: center; vertical-align: top;\" colspan=\"2\">\n<h1><span style=\"color: #b3154f;\"><span class=\"Y2IQFc\" lang=\"de\">\u00a021 febuari <\/span><\/span><span style=\"color: #b3154f;\"><span class=\"Y2IQFc\" lang=\"de\">vom 22 November 2026<br \/>\nOhne Reservierung<br \/>\n<\/span><\/span><\/h1>\n<\/td>\n<\/tr>\n<tr>\n<td style=\"width: 50%; border-color: #ffffff; vertical-align: top;\">\n<table style=\"width: 100%; background-color: #b3154f; border-color: #000000;\">\n<tbody>\n<tr>\n<td style=\"width: 21.95px; border-color: #000000;\"><strong><span style=\"color: #ffffff;\">Rezeption :<\/span><\/strong><\/td>\n<\/tr>\n<\/tbody>\n<\/table>\n<ul>\n<li style=\"text-align: justify;\">Anmeldung bei der Rezeption von 16.30 bis 20 Uhr.<\/li>\n<li style=\"text-align: justify;\">Wenn Sie fr\u00fcher kommen, dann w\u00e4hlen Sie selbst einen Platz und installieren Sie sich. Es gibt 100 Pl\u00e4tze auf unserem baumreichen Gel\u00e4nde, geh\u00e4rtet oder auf dem Gras, in der Sonne oder im Schatten. Elektrischer Anschluss (10A)<\/li>\n<li style=\"text-align: justify;\">Caroline und Benjamin werden Sie versehen mit allen touristischen Informationen.<\/li>\n<\/ul>\n<\/td>\n<td style=\"border-color: #ffffff; text-align: center; vertical-align: middle;\"><a href=\"https:\/\/campinghautoreille.com\/wp-content\/uploads\/2016\/01\/P1190111.jpg\"><img loading=\"lazy\" decoding=\"async\" class=\"alignnone wp-image-424 size-medium\" style=\"border: 1px solid #000000;\" src=\"https:\/\/campinghautoreille.com\/wp-content\/uploads\/2016\/01\/P1190111-300x169.jpg\" width=\"300\" height=\"169\" srcset=\"https:\/\/campinghautoreille.com\/wp-content\/uploads\/2016\/01\/P1190111-300x169.jpg 300w, https:\/\/campinghautoreille.com\/wp-content\/uploads\/2016\/01\/P1190111-768x432.jpg 768w, https:\/\/campinghautoreille.com\/wp-content\/uploads\/2016\/01\/P1190111-1024x575.jpg 1024w\" sizes=\"auto, (max-width: 300px) 100vw, 300px\" \/><\/a><\/td>\n<\/tr>\n<tr>\n<td style=\"border-color: #ffffff; text-align: center;\">\n<h1><img loading=\"lazy\" decoding=\"async\" class=\"alignnone wp-image-423\" style=\"border: 1px solid #000000;\" src=\"https:\/\/campinghautoreille.com\/wp-content\/uploads\/2016\/01\/P1190176-e1476880093685.jpg\" width=\"300\" height=\"169\" \/><\/h1>\n<\/td>\n<td style=\"border-color: #ffffff; vertical-align: top;\">\n<table style=\"width: 100%; background-color: #a3c53a; border-color: #000000;\">\n<tbody>\n<tr>\n<td><strong><span style=\"color: #ffffff;\">Ausstattung :<\/span><\/strong><\/td>\n<\/tr>\n<\/tbody>\n<\/table>\n<p><img loading=\"lazy\" decoding=\"async\" class=\"alignnone  wp-image-951\" src=\"https:\/\/campinghautoreille.com\/wp-content\/uploads\/2022\/07\/images.jpg\" alt=\"\" width=\"50\" height=\"49\" \/><\/p>\n<ul>\n<li>Warme Duschen (inkl.)<\/li>\n<li>Babybadezimmer mit Badewanne, Kommode und kleinem WC (Hochsaison)<\/li>\n<li>Duschkabine mit Waschbecken und Toilette f\u00fcr K\u00f6rperbehinderte. (Im Winter geheizt)<\/li>\n<li>Raum f\u00fcr die Entleerung von chemischen Toiletten.<\/li>\n<li>Waschmaschine (\u20ac 3,50), B\u00fcgelbrett und \u2013Eisen auf Anfrage erh\u00e4ltlich.<\/li>\n<\/ul>\n<table style=\"width: 100%;\">\n<tbody>\n<tr>\n<td style=\"background-color: #000000; text-align: center; vertical-align: middle; width: 10.0964%;\"><img loading=\"lazy\" decoding=\"async\" class=\"aligncenter wp-image-714 size-full\" style=\"margin-top: 2px; margin-bottom: 2px;\" src=\"https:\/\/campinghautoreille.com\/wp-content\/uploads\/2016\/01\/picto_chiens.gif\" alt=\"picto_chiens\" width=\"45\" height=\"45\" \/><\/td>\n<td style=\"width: 85.9036%; vertical-align: middle;\"><\/td>\n<\/tr>\n<\/tbody>\n<\/table>\n<\/td>\n<\/tr>\n<\/tbody>\n<\/table>\n<table id=\"fenetre\" class=\" aligncenter\" style=\"width: 90.0803%;\" border=\"0\" cellspacing=\"0\" cellpadding=\"0\">\n<tbody>\n<tr>\n<td style=\"width: 32.2141%;\" valign=\"top\">\n<table style=\"width: 310px;\" align=\"center\">\n<tbody>\n<tr class=\"cel_0\">\n<td style=\"width: 305.083px; text-align: center; background-color: #b3154f;\" colspan=\"3\">\n<p class=\"tab_titre\"><span style=\"color: #ffffff;\"><strong>ErwachseneGeb\u00fchrentafel<\/strong><\/span><\/p>\n<\/td>\n<\/tr>\n<tr class=\"cel_0\">\n<td style=\"width: 85.2833px; text-align: center; vertical-align: middle; background-color: #a3c53a;\">\n<p class=\"tab_titre\"><strong>\u00a0<\/strong><\/p>\n<\/td>\n<td style=\"width: 103.55px; text-align: center; vertical-align: middle; background-color: #a3c53a;\">\n<p class=\"tab_titre\"><strong>Hochsaison<br \/>\n07\/07-27\/08<br \/>\n<\/strong><\/p>\n<\/td>\n<td style=\"width: 104.25px; text-align: center; vertical-align: middle; background-color: #a3c53a;\">\n<p class=\"tab_titre\"><strong>Vor- und Nachsaison<\/strong><br \/>\n<strong>03\/01-07\/07<br \/>\n27\/08-20\/11<\/strong><\/p>\n<\/td>\n<\/tr>\n<tr class=\"cel_1\">\n<td style=\"width: 85.2833px;\">\n<p class=\"tab_txt\">Erwachsene<\/p>\n<\/td>\n<td style=\"width: 103.55px;\">\n<p class=\"tab_num\">6,00 \u20ac<\/p>\n<\/td>\n<td style=\"width: 104.25px;\">\n<p class=\"tab_num\">4,50\u00a0\u20ac<\/p>\n<\/td>\n<\/tr>\n<tr class=\"cel_2\">\n<td style=\"width: 85.2833px;\">\n<p class=\"tab_txt\">Kind bis 12 Jahre<\/p>\n<\/td>\n<td style=\"width: 103.55px;\">\n<p class=\"tab_num\">4,00 \u20ac<\/p>\n<\/td>\n<td style=\"width: 104.25px;\">\n<p class=\"tab_num\">2,50\u00a0\u20ac<\/p>\n<\/td>\n<\/tr>\n<tr class=\"cel_1\">\n<td style=\"width: 85.2833px;\">\n<p class=\"tab_txt\">Platz<\/p>\n<\/td>\n<td style=\"width: 103.55px;\">\n<p class=\"tab_num\">6,00\u00a0\u20ac<\/p>\n<\/td>\n<td style=\"width: 104.25px;\">\n<p class=\"tab_num\">5,00\u00a0\u20ac<\/p>\n<\/td>\n<\/tr>\n<tr class=\"cel_2\">\n<td style=\"width: 85.2833px;\">\n<p class=\"tab_txt\">Elektrizit\u00e4t (10\u00a0A)<\/p>\n<\/td>\n<td style=\"width: 103.55px;\">\n<p class=\"tab_num\">6,00\u00a0\u20ac<\/p>\n<\/td>\n<td style=\"width: 104.25px;\">\n<p class=\"tab_num\">6,00\u00a0\u20ac<\/p>\n<\/td>\n<\/tr>\n<tr class=\"cel_1\">\n<td style=\"width: 85.2833px;\">\n<p class=\"tab_txt\">Hund<\/p>\n<\/td>\n<td style=\"width: 103.55px;\">\n<p class=\"tab_num\">1,00\u00a0\u20ac<\/p>\n<\/td>\n<td style=\"width: 104.25px;\">\n<p class=\"tab_num\">1,00\u00a0\u20ac<\/p>\n<\/td>\n<\/tr>\n<tr class=\"cel_2\">\n<td style=\"width: 85.2833px;\">\n<p class=\"tab_txt\">Kurtaxe<\/p>\n<\/td>\n<td style=\"width: 103.55px;\">\n<p class=\"tab_num\">0,66 \u20ac<\/p>\n<\/td>\n<td style=\"width: 104.25px;\">\n<p class=\"tab_num\">0,66 \u20ac<\/p>\n<\/td>\n<\/tr>\n<tr class=\"cel_1\">\n<td style=\"width: 305.083px; background-color: #a3c53a;\" colspan=\"3\">\n<p class=\"tab_txt\" style=\"padding-left: 30px;\"><span style=\"color: #ffffff;\"><strong>ACSI-karte akzeptiert<br \/>\nvom 16 M\u00e4rz bis 8 Juli und von 27ao\u00fbt bis 31 Oktober<br \/>\n<\/strong><\/span><\/p>\n<\/td>\n<\/tr>\n<\/tbody>\n<\/table>\n<\/td>\n<td style=\"width: 27.5971%; text-align: center; vertical-align: middle;\"><a href=\"https:\/\/campinghautoreille.com\/wp-content\/uploads\/2016\/10\/camping-car.jpg\"><img loading=\"lazy\" decoding=\"async\" class=\"alignnone wp-image-613 size-full\" style=\"border: 1px solid #000000;\" src=\"https:\/\/campinghautoreille.com\/wp-content\/uploads\/2016\/10\/camping-car.jpg\" width=\"304\" height=\"601\" srcset=\"https:\/\/campinghautoreille.com\/wp-content\/uploads\/2016\/10\/camping-car.jpg 304w, https:\/\/campinghautoreille.com\/wp-content\/uploads\/2016\/10\/camping-car-152x300.jpg 152w\" sizes=\"auto, (max-width: 304px) 100vw, 304px\" \/><\/a><\/td>\n<td style=\"width: 30%;\" valign=\"top\">\n<table style=\"width: 80.9638%; height: 362px;\" align=\"center\">\n<tbody>\n<tr class=\"cel_1\" style=\"height: 64px;\">\n<td style=\"background-color: #b3154f; text-align: center; width: 263.483px; height: 64px;\" colspan=\"2\">\n<p class=\"tab_txt\"><strong><span style=\"color: #ffffff;\">Jahrplatz<\/span><\/strong><\/p>\n<\/td>\n<\/tr>\n<tr class=\"cel_1\" style=\"height: 93px;\">\n<td style=\"width: 188px; height: 93px;\">\n<p class=\"tab_txt\">Wohnmobil inkl. 2 Personen<\/p>\n<\/td>\n<td style=\"width: 75.4833px; height: 93px;\">\n<p class=\"tab_num\">1340\u00a0\u20ac\/an<\/p>\n<\/td>\n<\/tr>\n<tr class=\"cel_2\" style=\"height: 93px;\">\n<td style=\"width: 188px; height: 93px;\">\n<p class=\"tab_txt\">Caravan inkl. 2 Personen<\/p>\n<\/td>\n<td style=\"width: 75.4833px; height: 93px;\">\n<p class=\"tab_num\">1000\u00a0\u20ac\/an<\/p>\n<\/td>\n<\/tr>\n<tr class=\"cel_2\" style=\"height: 64px;\">\n<td style=\"width: 188px; background-color: #b3154f; text-align: center; height: 64px;\" colspan=\"2\">\n<p class=\"tab_txt\"><strong><span style=\"color: #ffffff;\">Lodge caravane<\/span><\/strong><\/p>\n<\/td>\n<\/tr>\n<tr class=\"cel_2\" style=\"height: 24px;\">\n<td style=\"width: 188px; height: 24px;\">2 Personen von<\/td>\n<td style=\"width: 75.4833px; height: 24px;\">45 \u20ac\/nuit<\/td>\n<\/tr>\n<tr class=\"cel_2\" style=\"height: 24px;\">\n<td style=\"width: 188px; height: 24px;\">4 personen von<\/td>\n<td style=\"width: 75.4833px; height: 24px;\">70 \u20ac\/nuit<\/td>\n<\/tr>\n<\/tbody>\n<\/table>\n<\/td>\n<\/tr>\n<\/tbody>\n<\/table>\n","protected":false},"excerpt":{"rendered":"<p>\u00a0 \u00a021 febuari vom 22 November 2026 Ohne Reservierung Rezeption : Anmeldung bei der Rezeption von 16.30 bis 20 Uhr. Wenn Sie fr\u00fcher kommen, dann w\u00e4hlen Sie selbst einen Platz und installieren Sie sich. Es gibt 100 Pl\u00e4tze auf unserem baumreichen Gel\u00e4nde, geh\u00e4rtet oder auf dem Gras, in der Sonne oder im Schatten. Elektrischer Anschluss [&hellip;]<\/p>\n","protected":false},"author":1,"featured_media":0,"parent":0,"menu_order":0,"comment_status":"closed","ping_status":"open","template":"","meta":{"footnotes":""},"class_list":["post-817","page","type-page","status-publish","hentry"],"_links":{"self":[{"href":"https:\/\/campinghautoreille.com\/index.php\/wp-json\/wp\/v2\/pages\/817","targetHints":{"allow":["GET"]}}],"collection":[{"href":"https:\/\/campinghautoreille.com\/index.php\/wp-json\/wp\/v2\/pages"}],"about":[{"href":"https:\/\/campinghautoreille.com\/index.php\/wp-json\/wp\/v2\/types\/page"}],"author":[{"embeddable":true,"href":"https:\/\/campinghautoreille.com\/index.php\/wp-json\/wp\/v2\/users\/1"}],"replies":[{"embeddable":true,"href":"https:\/\/campinghautoreille.com\/index.php\/wp-json\/wp\/v2\/comments?post=817"}],"version-history":[{"count":26,"href":"https:\/\/campinghautoreille.com\/index.php\/wp-json\/wp\/v2\/pages\/817\/revisions"}],"predecessor-version":[{"id":1063,"href":"https:\/\/campinghautoreille.com\/index.php\/wp-json\/wp\/v2\/pages\/817\/revisions\/1063"}],"wp:attachment":[{"href":"https:\/\/campinghautoreille.com\/index.php\/wp-json\/wp\/v2\/media?parent=817"}],"curies":[{"name":"wp","href":"https:\/\/api.w.org\/{rel}","templated":true}]}}