{"id":32,"date":"2016-01-11T16:09:18","date_gmt":"2016-01-11T15:09:18","guid":{"rendered":"http:\/\/campinghautoreille.com\/wordpress\/?page_id=32"},"modified":"2025-10-27T15:06:43","modified_gmt":"2025-10-27T14:06:43","slug":"camping","status":"publish","type":"page","link":"https:\/\/campinghautoreille.com\/index.php\/fr\/camping\/","title":{"rendered":"Camping"},"content":{"rendered":"<p><a href=\"https:\/\/campinghautoreille.com\/wordpress\/wp-content\/uploads\/2016\/10\/camping-car.jpg\">\u00a0<\/a><\/p>\n<table class=\" aligncenter\" style=\"width: 90%;\" cellspacing=\"2\">\n<tbody>\n<tr>\n<td style=\"text-align: center; vertical-align: top;\" colspan=\"2\">\n<h1><span style=\"color: #b3154f;\">Ouverture de 21\/02\/2026 \u00e0 22\/11\/2026<br \/>\nSans R\u00e9servation<br \/>\n<\/span><\/h1>\n<\/td>\n<\/tr>\n<tr>\n<td style=\"width: 50%; border-color: #ffffff; vertical-align: top;\">\n<table style=\"width: 100%; background-color: #b3154f; border-color: #000000;\">\n<tbody>\n<tr>\n<td style=\"width: 21.95px; border-color: #000000;\"><strong><span style=\"color: #ffffff;\">R\u00e9ception :<\/span><\/strong><\/td>\n<\/tr>\n<\/tbody>\n<\/table>\n<ul>\n<li style=\"text-align: justify;\">La r\u00e9ception est ouverte de 16 h 30\u00a0 \u00e0 20 h, avant cela vous pourrez choisir parmi nos 100 emplacements en dur ou herbeux sur notre terrain bois\u00e9 de 4 hectares avec la possibilit\u00e9 d&rsquo;acc\u00e8s via une borne de paiement automatique de 11 h \u00e0 21 h 30 sans r\u00e9servation.Caroline et Benjamin vous fournirons toutes les informations touristiques sur la r\u00e9gions.<\/li>\n<\/ul>\n<\/td>\n<td style=\"border-color: #ffffff; text-align: center; vertical-align: middle;\"><a href=\"https:\/\/campinghautoreille.com\/wp-content\/uploads\/2016\/01\/P1190111.jpg\"><img loading=\"lazy\" decoding=\"async\" class=\"alignnone wp-image-424 size-medium\" style=\"border: 1px solid #000000;\" src=\"https:\/\/campinghautoreille.com\/wp-content\/uploads\/2016\/01\/P1190111-300x169.jpg\" width=\"300\" height=\"169\" srcset=\"https:\/\/campinghautoreille.com\/wp-content\/uploads\/2016\/01\/P1190111-300x169.jpg 300w, https:\/\/campinghautoreille.com\/wp-content\/uploads\/2016\/01\/P1190111-768x432.jpg 768w, https:\/\/campinghautoreille.com\/wp-content\/uploads\/2016\/01\/P1190111-1024x575.jpg 1024w\" sizes=\"auto, (max-width: 300px) 100vw, 300px\" \/><\/a><\/td>\n<\/tr>\n<tr>\n<td style=\"border-color: #ffffff; text-align: center;\">\n<h1><img loading=\"lazy\" decoding=\"async\" class=\"alignnone wp-image-423\" style=\"border: 1px solid #000000;\" src=\"https:\/\/campinghautoreille.com\/wp-content\/uploads\/2016\/01\/P1190176-e1476880093685.jpg\" width=\"300\" height=\"169\" \/><\/h1>\n<\/td>\n<td style=\"border-color: #ffffff; vertical-align: top;\">\n<table style=\"width: 100%; background-color: #a3c53a; border-color: #000000;\">\n<tbody>\n<tr>\n<td><strong><span style=\"color: #ffffff;\">\u00c9quipements :<\/span><\/strong><\/td>\n<\/tr>\n<\/tbody>\n<\/table>\n<p><img loading=\"lazy\" decoding=\"async\" class=\"alignnone  wp-image-951\" src=\"https:\/\/campinghautoreille.com\/wp-content\/uploads\/2022\/07\/images.jpg\" alt=\"\" width=\"50\" height=\"49\" \/>\u00a0 Acc\u00e8s handicap\u00e9s<\/p>\n<ul>\n<li>Douches chaudes comprises<\/li>\n<li>Salle de bain b\u00e9b\u00e9 avec baignoire, table \u00e0 langer et petit W.C en saison<\/li>\n<li>Cabine douche\/lavabo\/W.C. pour personnes \u00e0 mobilit\u00e9 r\u00e9duite (chauff\u00e9 en hiver)<\/li>\n<li>Vidoirs pour W.C. chimiques<\/li>\n<li>Machine \u00e0 laver (4,50\u20ac)\u00a0 planche \u00e0 repasser et fer sur demande<\/li>\n<\/ul>\n<table style=\"width: 100%;\">\n<tbody>\n<tr>\n<td style=\"background-color: #000000; text-align: center; vertical-align: middle; width: 10.0964%;\"><img loading=\"lazy\" decoding=\"async\" class=\"aligncenter wp-image-714 size-full\" style=\"margin-top: 2px; margin-bottom: 2px;\" src=\"https:\/\/campinghautoreille.com\/wp-content\/uploads\/2016\/01\/picto_chiens.gif\" alt=\"picto_chiens\" width=\"45\" height=\"45\" \/><\/td>\n<td style=\"width: 85.9036%; vertical-align: middle;\">Les chiens sont admis sur les parcelles<\/td>\n<\/tr>\n<\/tbody>\n<\/table>\n<\/td>\n<\/tr>\n<\/tbody>\n<\/table>\n<table id=\"fenetre\" class=\" aligncenter\" style=\"width: 90.0803%;\" border=\"0\" cellspacing=\"0\" cellpadding=\"0\">\n<tbody>\n<tr>\n<td style=\"width: 32.2141%;\" valign=\"top\">\n<table style=\"width: 100%; height: 648px;\" align=\"center\">\n<tbody>\n<tr class=\"cel_0\" style=\"height: 56px;\">\n<td style=\"background-color: #b3154f; text-align: center; width: 97.2644%; height: 56px;\" colspan=\"3\">\n<p class=\"tab_titre\"><span style=\"color: #ffffff;\"><strong>Tarif camping<\/strong><\/span><\/p>\n<\/td>\n<\/tr>\n<tr class=\"cel_0\" style=\"height: 104px;\">\n<td style=\"background-color: #a3c53a; width: 34.0426%; text-align: center; vertical-align: middle; height: 104px;\">\n<p class=\"tab_titre\"><strong>Tarif<\/strong><\/p>\n<\/td>\n<td style=\"background-color: #a3c53a; width: 31.9149%; text-align: center; vertical-align: middle; height: 104px;\">\n<p class=\"tab_titre\"><strong>\u00c9t\u00e9<\/strong><br \/>\n<strong>07\/07-27\/08<\/strong><\/p>\n<\/td>\n<td style=\"background-color: #a3c53a; width: 31.307%; text-align: center; vertical-align: middle; height: 104px;\">\n<p class=\"tab_titre\"><strong>Hiver<\/strong><br \/>\n<strong>03\/01-07\/07<\/strong><br \/>\n<strong> 27\/08-20\/11<\/strong><\/p>\n<\/td>\n<\/tr>\n<tr class=\"cel_1\" style=\"height: 56px;\">\n<td style=\"width: 34.0426%; height: 56px;\">\n<p class=\"tab_txt\">Adulte<\/p>\n<\/td>\n<td style=\"width: 31.9149%; height: 56px;\">\n<p class=\"tab_num\">6,00 \u20ac<\/p>\n<\/td>\n<td style=\"width: 31.307%; height: 56px;\">\n<p class=\"tab_num\">4,50\u00a0\u20ac<\/p>\n<\/td>\n<\/tr>\n<tr class=\"cel_2\" style=\"height: 80px;\">\n<td style=\"width: 34.0426%; height: 80px;\">\n<p class=\"tab_txt\">Enfant (-12\u00a0ans)<\/p>\n<\/td>\n<td style=\"width: 31.9149%; height: 80px;\">\n<p class=\"tab_num\">4,00 \u20ac<\/p>\n<\/td>\n<td style=\"width: 31.307%; height: 80px;\">\n<p class=\"tab_num\">2,50\u00a0\u20ac<\/p>\n<\/td>\n<\/tr>\n<tr class=\"cel_1\" style=\"height: 56px;\">\n<td style=\"width: 34.0426%; height: 56px;\">\n<p class=\"tab_txt\">Emplacement<\/p>\n<\/td>\n<td style=\"width: 31.9149%; height: 56px;\">\n<p class=\"tab_num\">6,00 \u20ac<\/p>\n<\/td>\n<td style=\"width: 31.307%; height: 56px;\">\n<p class=\"tab_num\">5,00\u00a0\u20ac<\/p>\n<\/td>\n<\/tr>\n<tr class=\"cel_2\" style=\"height: 80px;\">\n<td style=\"width: 34.0426%; height: 80px;\">\n<p class=\"tab_txt\">\u00c9lectricit\u00e9 (10 A)<\/p>\n<\/td>\n<td style=\"width: 31.9149%; height: 80px;\">\n<p class=\"tab_num\">6,00\u00a0\u20ac<\/p>\n<\/td>\n<td style=\"width: 31.307%; height: 80px;\">\n<p class=\"tab_num\">6,00\u00a0\u20ac<\/p>\n<\/td>\n<\/tr>\n<tr class=\"cel_2\" style=\"height: 56px;\">\n<td style=\"width: 34.0426%; height: 56px;\">\n<p class=\"tab_txt\">Taxe s\u00e9jour<\/p>\n<\/td>\n<td style=\"width: 31.9149%; height: 56px;\">\n<p class=\"tab_num\">0,66 \u20ac<\/p>\n<\/td>\n<td style=\"width: 31.307%; height: 56px;\">\n<p class=\"tab_num\">0,66 \u20ac<\/p>\n<\/td>\n<\/tr>\n<tr>\n<td style=\"width: 34.0426%;\">\n<p class=\"tab_txt\">Vidange+eau<\/p>\n<\/td>\n<td style=\"width: 31.9149%;\">\n<p class=\"tab_num\">5,00 \u20ac<\/p>\n<\/td>\n<td style=\"width: 31.307%;\">\n<p class=\"tab_num\">5,00 \u20ac<\/p>\n<\/td>\n<\/tr>\n<tr class=\"cel_2\" style=\"height: 56px;\">\n<td style=\"width: 34.0426%; height: 56px;\">\n<p class=\"tab_txt\">Chien<\/p>\n<\/td>\n<td style=\"width: 31.9149%; height: 56px;\">\n<p class=\"tab_num\">1 \u20ac<\/p>\n<\/td>\n<td style=\"width: 31.307%; height: 56px;\">\n<p class=\"tab_num\">1 \u20ac<\/p>\n<\/td>\n<\/tr>\n<tr>\n<td style=\"width: 34.0426%;\">\n<p class=\"tab_txt\">\n<\/td>\n<td style=\"width: 31.9149%;\">\n<p class=\"tab_num\">\n<\/td>\n<td style=\"width: 31.307%;\">\n<p class=\"tab_num\">\n<\/td>\n<\/tr>\n<tr class=\"cel_1\" style=\"height: 104px;\">\n<td style=\"width: 97.2644%; background-color: #a3c53a; height: 104px;\" colspan=\"3\">\n<p class=\"tab_txt\" style=\"padding-left: 30px;\"><span style=\"color: #ffffff;\"><strong>Carte ACSI accept\u00e9es<\/strong><\/span><br \/>\n<span style=\"color: #ffffff;\"><strong> du 16 mars au 8 juillet<\/strong><\/span><br \/>\n<span style=\"color: #ffffff;\"><strong> et du 27 ao\u00fbt au 31 octobre<\/strong><\/span><\/p>\n<\/td>\n<\/tr>\n<\/tbody>\n<\/table>\n<\/td>\n<td style=\"width: 27.5971%; text-align: center; vertical-align: middle;\"><a href=\"https:\/\/campinghautoreille.com\/wp-content\/uploads\/2016\/10\/camping-car.jpg\"><img loading=\"lazy\" decoding=\"async\" class=\"alignnone wp-image-613 size-full\" style=\"border: 1px solid #000000;\" src=\"https:\/\/campinghautoreille.com\/wp-content\/uploads\/2016\/10\/camping-car.jpg\" width=\"304\" height=\"601\" srcset=\"https:\/\/campinghautoreille.com\/wp-content\/uploads\/2016\/10\/camping-car.jpg 304w, https:\/\/campinghautoreille.com\/wp-content\/uploads\/2016\/10\/camping-car-152x300.jpg 152w\" sizes=\"auto, (max-width: 304px) 100vw, 304px\" \/><\/a><\/td>\n<td style=\"width: 30%;\" valign=\"top\">\n<table style=\"width: 280.483px;\" align=\"center\">\n<tbody>\n<tr class=\"cel_1\">\n<td style=\"background-color: #b3154f; text-align: center; width: 263.483px;\" colspan=\"2\">\n<p class=\"tab_txt\"><strong><span style=\"color: #ffffff;\">Tarif emplacement \u00e0 l\u2019ann\u00e9e<\/span><\/strong><\/p>\n<\/td>\n<\/tr>\n<tr class=\"cel_1\">\n<td style=\"width: 188px;\">\n<p class=\"tab_txt\">Emplacement mobile-home<br \/>\n2\u00a0personnes<\/p>\n<\/td>\n<td style=\"width: 75.4833px;\">\n<p class=\"tab_num\">1340\u00a0\u20ac\/an<\/p>\n<\/td>\n<\/tr>\n<tr class=\"cel_2\">\n<td style=\"width: 188px;\">\n<p class=\"tab_txt\">Emplacement caravane<br \/>\n2\u00a0personnes<\/p>\n<\/td>\n<td style=\"width: 75.4833px;\">\n<p class=\"tab_num\">1000\u00a0\u20ac\/an<\/p>\n<\/td>\n<\/tr>\n<tr class=\"cel_2\">\n<td style=\"width: 188px; background-color: #b3154f; text-align: center;\" colspan=\"2\">\n<p class=\"tab_txt\"><strong><span style=\"color: #ffffff;\">Tarif location tente lodge<br \/>\n<\/span><\/strong><\/p>\n<\/td>\n<\/tr>\n<tr class=\"cel_2\">\n<td style=\"width: 188px;\">2 personnes \u00e0 partir de<\/td>\n<td style=\"width: 75.4833px;\">45 \u20ac\/nuit<\/td>\n<\/tr>\n<tr class=\"cel_2\">\n<td style=\"width: 188px;\">4 personnes \u00e0 partir de<\/td>\n<td style=\"width: 75.4833px;\">70 \u20ac\/nuit<\/td>\n<\/tr>\n<\/tbody>\n<\/table>\n<\/td>\n<\/tr>\n<\/tbody>\n<\/table>\n","protected":false},"excerpt":{"rendered":"<p>\u00a0 Ouverture de 21\/02\/2026 \u00e0 22\/11\/2026 Sans R\u00e9servation R\u00e9ception : La r\u00e9ception est ouverte de 16 h 30\u00a0 \u00e0 20 h, avant cela vous pourrez choisir parmi nos 100 emplacements en dur ou herbeux sur notre terrain bois\u00e9 de 4 hectares avec la possibilit\u00e9 d&rsquo;acc\u00e8s via une borne de paiement automatique de 11 h \u00e0 [&hellip;]<\/p>\n","protected":false},"author":1,"featured_media":0,"parent":0,"menu_order":0,"comment_status":"closed","ping_status":"open","template":"","meta":{"footnotes":""},"class_list":["post-32","page","type-page","status-publish","hentry"],"_links":{"self":[{"href":"https:\/\/campinghautoreille.com\/index.php\/wp-json\/wp\/v2\/pages\/32","targetHints":{"allow":["GET"]}}],"collection":[{"href":"https:\/\/campinghautoreille.com\/index.php\/wp-json\/wp\/v2\/pages"}],"about":[{"href":"https:\/\/campinghautoreille.com\/index.php\/wp-json\/wp\/v2\/types\/page"}],"author":[{"embeddable":true,"href":"https:\/\/campinghautoreille.com\/index.php\/wp-json\/wp\/v2\/users\/1"}],"replies":[{"embeddable":true,"href":"https:\/\/campinghautoreille.com\/index.php\/wp-json\/wp\/v2\/comments?post=32"}],"version-history":[{"count":84,"href":"https:\/\/campinghautoreille.com\/index.php\/wp-json\/wp\/v2\/pages\/32\/revisions"}],"predecessor-version":[{"id":1060,"href":"https:\/\/campinghautoreille.com\/index.php\/wp-json\/wp\/v2\/pages\/32\/revisions\/1060"}],"wp:attachment":[{"href":"https:\/\/campinghautoreille.com\/index.php\/wp-json\/wp\/v2\/media?parent=32"}],"curies":[{"name":"wp","href":"https:\/\/api.w.org\/{rel}","templated":true}]}}